
21a
Convert b7b (base 13) to base 14.
a01
What is 6ca8 (base 13) in base 4?
3233310
What is 442 (base 8) in base 16?
122
What is 7460 (base 12) in base 3?
122111000
Convert -11323 (base 10) to base 4.
-2300323
What is 14b1 (base 14) in base 5?
104213
Convert 13322 (base 11) to base 4.
10221031
Convert -21900 (base 10) to base 13.
-9c78
What is -3764 (base 13) in base 2?
-1111010110000
Convert -132 (base 7) to base 5.
-242
What is -20021 (base 4) in base 8?
-1011
What is 10745 (base 9) in base 4?
1300001
Convert a84 (base 14) to base 2.
100000011100
-4660 (base 8) to base 16
-9b0
What is -24414 (base 5) in base 6?
-12335
Convert 11200001 (base 3) to base 12.
1b77
Convert 3879 (base 10) to base 14.
15b1
2624 (base 10) to base 7
10436
200020 (base 3) to base 6
2140
Convert -bac0 (base 14) to base 6.
-405332
10243 (base 6) to base 13
834
What is 200022102 (base 3) in base 16?
3425
What is 935 (base 12) in base 3?
1211112
What is -14071 (base 9) in base 14?
-3697
What is -2bc6 (base 15) in base 12?
-5543
Convert -13731 (base 10) to base 9.
-20746
What is -1ab (base 15) in base 3?
-112022
What is 679 (base 16) in base 12?
b61
-155330 (base 6) to base 4
-3301212
Convert 101100011 (base 2) to base 3.
111011
Convert -85 (base 14) to base 9.
-140
What is -425 (base 10) in base 3?
-120202
250 (base 7) to base 4
2011
What is 1536 (base 7) in base 6?
2503
Convert -aa (base 12) to base 15.
-8a
What is -1993 (base 12) in base 8?
-6077
Convert -1002001 (base 3) to base 7.
-2200
What is -3516 (base 11) in base 16?
-1207
What is 4d9 (base 15) in base 14?
58c
Convert 42650 (base 7) to base 5.
314434
What is 3c2 (base 14) in base 16?
2f6
Convert 3907 (base 11) to base 16.
13e1
-1108 (base 9) to base 3
-1010022
What is -45 (base 11) in base 16?
-31
What is -53 (base 11) in base 16?
-3a
200001 (base 3) to base 2
111100111
What is -5e3 (base 15) in base 6?
-10110
21231 (base 4) to base 14
325
-1555 (base 9) to base 8
-2240
-1071 (base 10) to base 13
-645
Convert -39 (base 13) to base 3.
-1210
a9 (base 11) to base 3
11102
Convert -1410 (base 10) to base 6.
-10310
What is -5d96 (base 15) in base 12?
-b659
-2153 (base 7) to base 5
-11043
What is 5801 (base 16) in base 10?
22529
-2116 (base 8) to base 2
-10001001110
What is -40144 (base 6) in base 10?
-5248
Convert -44a (base 11) to base 12.
-38a
1429 (base 15) to base 8
10332
-101111000001 (base 2) to base 5
-44014
-1048 (base 11) to base 4
-111213
Convert 210022 (base 3) to base 5.
4300
225a7 (base 13) to base 6
1201202
Convert -30233 (base 4) to base 11.
-681
Convert 1110010100110 (base 2) to base 3.
101001122
Convert 29243 (base 13) to base 15.
17d78
6ad5 (base 15) to base 5
1211300
Convert -8987 (base 11) to base 4.
-2320320
a7a6 (base 12) to base 4
10133232
Convert -1043a (base 13) to base 16.
-7266
Convert 53014 (base 6) to base 10.
7138
156404 (base 7) to base 4
13211132
Convert 134440 (base 5) to base 6.
42004
-419 (base 11) to base 16
-1f8
3301 (base 5) to base 13
289
What is -3793 (base 11) in base 14?
-1b30
-31415 (base 7) to base 13
-36b6
What is 230546 (base 8) in base 6?
1401542
What is a83 (base 12) in base 2?
11000000011
Convert -21124 (base 5) to base 10.
-1414
4021 (base 6) to base 16
36d
241 (base 16) to base 11
485
Convert 421b (base 13) to base 8.
21676
Convert -587b (base 12) to base 4.
-2122133
Convert -1bb (base 14) to base 9.
-441
Convert -14d (base 16) to base 11.
-283
What is 1101232 (base 5) in base 14?
6c90
What is 8f3 (base 16) in base 7?
6452
What is -1001100001 (base 2) in base 10?
-609
What is 113132 (base 4) in base 14?
794
What is -28a4 (base 12) in base 13?
-2200
18ed (base 15) to base 4
1110112
3127 (base 12) to base 9
7314
What is -10122100 (base 3) in base 4?
-221133
What is 1212 (base 5) in base 14?
d0
Convert 36546 (base 10) to base 11.
25504
Convert -2919 (base 11) to base 14.
-1535
What is -1116 (base 7) in base 2?
-110010101
193 (base 10) to base 13
11b
What is 2320 (base 6) in base 10?
552
38d3 (base 14) to base 8
23401
Convert 14bb7 (base 12) to base 13.
104a4
What is 3128 (base 10) in base 5?
100003
Convert -1512 (base 12) to base 10.
-2462
21003003 (base 4) to base 2
1001000011000011
-107 (base 14) to base 7
-410
What is 243345 (base 6) in base 13?
9a46
-3eb3 (base 15) to base 8
-32203
What is 46842 (base 10) in base 2?
1011011011111010
What is -23302 (base 8) in base 12?
-58aa
1410214 (base 5) to base 2
111000010001001
What is -2524 (base 7) in base 16?
-3b5
What is 11 (base 4) in base 3?
12
What is -114 (base 5) in base 16?
-22
Convert -733b (base 14) to base 4.
-10312021
What is 5c8d (base 16) in base 2?
101110010001101
Convert -623 (base 10) to base 8.
-1157
-6463 (base 9) to base 15
-1620
484 (base 9) to base 14
208
What is -103 (base 6) in base 9?
-43
What is -41031 (base 6) in base 16?
-152b
Convert 23a9 (base 15) to base 10.
7584
What is 30313 (base 4) in base 2?
1100110111
What is -8552 (base 13) in base 15?
-5728
-5887 (base 11) to base 2
-1111000100110
-50800 (base 9) to base 10
-33453
What is -2190 (base 16) in base 13?
-3bac
Convert -13102 (base 6) to base 12.
-1192
What is 1212210 (base 3) in base 16?
55b
What is 169a (base 11) in base 9?
2866
Convert -70 (base 13) to base 15.
-61
Convert -10111120 (base 3) to base 13.
-1215
Convert 10202 (base 4) to base 6.
1202
-3565 (base 7) to base 11
-aa1
11a5b (base 12) to base 6
302555
What is 4079 (base 12) in base 15?
2120
-344020 (base 5) to base 11
-933a
-1320212 (base 5) to base 4
-12123003
21102211 (base 3) to base 2
1010100101110
Convert 3080 (base 9) to base 6.
14243
-1a7a (base 11) to base 3
-10121100
What is 18332 (base 11) in base 8?
62127
-56a1 (base 11) to base 16
-1d44
What is 33 (base 6) in base 16?
15
What is -68e (base 15) in base 9?
-2028
What is 5823 (base 12) in base 10?
9819
Convert -3573 (base 10) to base 11.
-2759
What is 1052 (base 8) in base 5?
4204
Convert -547 (base 13) to base 3.
-1020111
What is 100202022 (base 3) in base 6?
52525
What is 2704 (base 8) in base 11?
1122
Convert 668 (base 14) to base 4.
103310
What is -1335 (base 7) in base 15?
-246
What is b9b (base 16) in base 14?
1123
123122 (base 6) to base 9
16155
Convert -39855 (base 10) to base 2.
-1001101110101111
-25b6 (base 14) to base 16
-19e4
What is 34110 (base 5) in base 9?
3262
-6f (base 16) to base 7
-216
-315 (base 10) to base 8
-473
-1111001100000101 (base 2) to base 13
-22418
Convert -12222 (base 7) to base 3.
-11101120
1020043 (base 5) to base 9
25155
Convert 318 (base 16) to base 13.
48c
What is -6869 (base 11) in base 8?
-21505
Convert 1201210120 (base 3) to base 11.
236a5
1532 (base 6) to base 10
416
1500 (base 6) to base 4
12030
941 (base 14) to base 9
2443
What is -36ec (base 15) in base 5?
-333242
What is -1263 (base 7) in base 8?
-746
-303032 (base 4) to base 16
-cce
Convert 13041 (base 6) to base 13.
b86
What is 646 (base 7) in base 11?
279
-1342 (base 12) to base 11
-172a
What is 20d9 (base 16) in base 13?
3a9b
Convert 1382 (base 14) to base 8.
6566
What is -48e (base 16) in base 10?
-1166
What is -57a (base 13) in base 14?
-4b8
What is -10122012 (base 3) in base 10?
-2651
What is -21333 (base 5) in base 11?
-1115
What is 1011 (base 6) in base 2?
11011111
Convert 424 (base 7) to base 14.
114
What is -4334 (base 5) in base 7?
-1506
Convert -1156 (base 9) to base 10.
-861
Convert 1002002 (base 3) to base 13.
485
2603 (base 8) to base 2
10110000011
Convert -58 (base 14) to base 12.
-66
3404 (base 5) to base 7
1253
Convert -323103 (base 4) to base 13.
-195c
What is 419 (base 15) in base 4?
32130
What is -8c3 (base 14) in base 2?
-11011001011
756 (base 9) to base 10
618
Convert 3b71 (base 12) to base 13.
3172
-11111001 (base 2) to base 5
-1444
What is 121110022 (base 3) in base 2?
10111011011100
What is -1271 (base 9) in base 3?
-1022101
Convert -75e1 (base 16) to base 15.
-8e1c
What is -5681 (base 13) in base 12?
-7008
Convert 21465 (base 11) to base 5.
1444133
What is -10d1 (base 14) in base 13?
-1442
644 (base 12) to base 16
394
What is -37c1 (base 13) in base 10?
-7931
-161 (base 11) to base 5
-1223
Convert -29789 (base 10) to base 5.
-1423124
1400 (base 5) to base 16
e1
What is 2a80 (base 13) in base 15?
1c78
What is -61b6 (base 13) in base 15?
-4000
20b (base 15) to base 16
1cd
Convert -1111000001000 (base